287 a multiple of 32?
False
Does 22 divide 595539?
False
Is 29188816 a multiple of 1381?
True
Is 23 a factor of 1097163?
False
Is 202520 a multiple of 283?
False
Is 21 a factor of 400806?
True
Does 1421 divide 2354919?
False
Does 980 divide 11110260?
True
Is 170602 a multiple of 197?
True
Does 285 divide 1929165?
True
Does 337 divide 822599?
False
Does 43 divide 865160?
True
Does 4 divide 1303952?
True
Is 366561 a multiple of 25?
False
Is 141 a factor of 2647048?
False
Is 12648 a multiple of 186?
True
Is 81748 a multiple of 191?
True
Does 402 divide 5831607?
False
Does 91 divide 1791517?
True
Does 434 divide 1541568?
True
Is 21510750 a multiple of 2494?
True
Does 15 divide 2001055?
False
Does 7 divide 291872?
True
Does 16 divide 1237264?
True
Is 3027536 a multiple of 19?
True
Is 1769202 a multiple of 603?
True
Is 4 a factor of 601111?
False
Is 10 a factor of 169984?
False
Does 534 divide 166320?
False
Is 105 a factor of 655887?
False
Does 945 divide 3796472?
False
Does 6 divide 146432?
False
Is 421 a factor of 1866293?
True
Is 3017039 a multiple of 12?
False
Does 432 divide 479965?
False
Is 151 a factor of 273697?
False
Is 9 a factor of 4465786?
False
Is 214367 a multiple of 47?
True
Is 19 a factor of 21945?
True
Does 604 divide 1171760?
True
Is 654150 a multiple of 21?
True
Is 2433860 a multiple of 370?
True
Is 268940 a multiple of 226?
True
Is 1528684 a multiple of 64?
False
Is 3336919 a multiple of 30?
False
Is 158 a factor of 2833712?
False
Is 4055896 a multiple of 1322?
True
Does 412 divide 1530975?
False
Does 85 divide 51333?
False
Does 608 divide 302176?
True
Does 11 divide 719697?
True
Is 4546776 a multiple of 1272?
False
Does 780 divide 54673?
False
Is 182051 a multiple of 4?
False
Is 3613560 a multiple of 10?
True
Is 15 a factor of 1117005?
True
Is 2 a factor of 62699?
False
Is 309580 a multiple of 20?
True
Is 13580 a multiple of 14?
True
Does 170 divide 67791?
False
Is 82984 a multiple of 8?
True
Is 788 a factor of 1032280?
True
Is 869 a factor of 5178618?
False
Is 18592511 a multiple of 16?
False
Is 532784 a multiple of 268?
True
Is 10 a factor of 1882670?
True
Does 19 divide 236555?
False
Does 9 divide 3403917?
True
Does 119 divide 131582?
False
Is 453 a factor of 70668?
True
Does 3 divide 92747?
False
Does 690 divide 1017070?
False
Is 74996 a multiple of 71?
False
Is 16 a factor of 56208?
True
Is 472671 a multiple of 10?
False
Is 154550 a multiple of 562?
True
Is 124 a factor of 2348188?
True
Is 124866 a multiple of 7?
True
Is 1301300 a multiple of 100?
True
Does 283 divide 15933?
False
Is 464320 a multiple of 32?
True
Is 6 a factor of 279810?
True
Does 129 divide 504505?
False
Does 23 divide 11149993?
False
Is 381 a factor of 121920?
True
Is 940129 a multiple of 683?
False
Does 59 divide 641466?
False
Does 634 divide 319507?
False
Is 212575 a multiple of 55?
True
Is 42 a factor of 83619?
False
Does 425 divide 8357791?
False
Does 76 divide 81852?
True
Does 12 divide 2679972?
True
Does 18 divide 74126?
False
Is 3566861 a multiple of 122?
False
Does 10 divide 1469782?
False
Is 92600 a multiple of 8?
True
Is 8177687 a multiple of 1147?
False
Is 3 a factor of 9447?
True
Does 57 divide 55186?
False
Is 53719 a multiple of 47?
False
Is 210 a factor of 835405?
False
Is 105664 a multiple of 508?
True
Is 51 a factor of 3644256?
True
Is 50 a factor of 14916450?
True
Is 305833 a multiple of 694?
False
Does 7 divide 483210?
True
Does 19 divide 51870?
True
Is 78 a factor of 515190?
True
Is 635 a factor of 1289195?
False
Is 392515 a multiple of 29?
True
Does 5 divide 30667?
False
Does 17 divide 543153?
False
Is 56316 a multiple of 6?
True
Is 323984 a multiple of 382?
False
Is 233 a factor of 263601?
False
Is 760596 a multiple of 12?
True
Is 30 a factor of 417244?
False
Is 184789 a multiple of 13?
False
Is 55 a factor of 223245?
True
Is 79 a factor of 1304668?
False
Is 2028774 a multiple of 118?
True
Does 24 divide 170384?
False
Does 216 divide 134568?
True
Is 587 a factor of 29217279?
False
Is 3 a factor of 644470?
False
Is 12 a factor of 377908?
False
Is 97 a factor of 280912?
True
Does 2 divide 47687?
False
Is 15283 a multiple of 28?
False
Does 65 divide 1809340?
True
Does 57 divide 898170?
False
Does 603 divide 3324261?
False
Does 87 divide 17748?
True
Is 37 a factor of 892181?
True
Is 21 a factor of 42908?
False
Is 1427094 a multiple of 98?
False
Is 432096 a multiple of 112?
True
Is 11 a factor of 108009?
True
Does 2 divide 76253?
False
Does 263 divide 3543662?
True
Does 397 divide 2217642?
True
Is 268 a factor of 9329002?
False
Is 77 a factor of 188254?
False
Does 29 divide 65395?
True
Is 52093 a multiple of 7?
False
Is 35 a factor of 243827?
False
Does 265 divide 99640?
True
Is 401736 a multiple of 5?
False
Is 117 a factor of 668786?
False
Is 118631 a multiple of 37?
False
Is 69512 a multiple of 4?
True
Is 95 a factor of 45600?
True
Is 266 a factor of 3968454?
True
Is 741062 a multiple of 252?
False
Is 455142 a multiple of 435?
False
Is 190 a factor of 5156147?
False
Does 672 divide 7952448?
True
Is 42 a factor of 219326?
False
Does 380 divide 1099985?
False
Is 3878077 a multiple of 24?
False
Is 57 a factor of 188632?
False
Is 171019 a multiple of 19?
True
Does 23 divide 1487111?
True
Does 36 divide 249156?
True
Does 445 divide 3726430?
True
Does 93 divide 17988?
False
Is 155 a factor of 3825865?
True
Is 342 a factor of 14259894?
False
Does 58 divide 4628342?
True
Does 261 divide 5592488?
False
Is 289 a factor of 3495904?
False
Is 20288462 a multiple of 15?
False
Does 28 divide 13727?
False
Is 16 a factor of 6432519?
False
Is 11 a factor of 1593999?
True
Is 15 a factor of 59565?
True
Does 4 divide 463604?
True
Does 1947 divide 11528808?
False
Is 11 a factor of 26741?
True
Does 21 divide 18855348?
False
Is 1105 a factor of 899470?
True
Does 207 divide 10787969?
False
Does 33 divide 14759?
False
Is 37464 a multiple of 84?
True
Does 857 divide 887852?
True
Is 3088008 a multiple of 36?
True
Is 174615 a multiple of 8?
False
Is 418330 a multiple of 272?
False
Is 66 a factor of 438521?
False
Does 102 divide 16545364?
False
Is 13 a factor of 119731?
False
Does 70 divide 459833?
False
Is 296600 a multiple of 210?
False
Does 26 divide 1063579?
False
Is 347301 a multiple of 57?
True
Is 274653 a multiple of 22?
False
Is 3 a factor of 21272?
False
Is 31 a factor of 765793?
True
Is 12 a factor of 20148?
True
Is 860 a factor of 320671?
False
Is 245 a factor of 612990?
True
Does 15 divide 509730?
True
Is 13 a factor of 18278?
True
Is 292236 a multiple of 994?
True
Does 2 divide 518884?
True
Is 53 a factor of 1049082?
True
Is 3 a factor of 1006?
False
Does 47 divide 270438?
True
Is 77525 a multiple of 175?
True
Does 70 divide 12778850?
True
Is 199 a factor of 2416667?
False
Does 425 divide 1931942?
False
Is 17 a factor of 1272090?
False
Is 66 a factor of 234366?
True
Is 1965412 a multiple of 466?
False
Does 12 divide 66828?
True
Is 458 a factor of 1328658?
True
Does 9 divide 418513?
False
Is 331992 a multiple of 9?
True
Does 114 divide 711930?
True
Is 11 a factor of 235607?
False
Is 30 a factor of 98460?
True
Does 21 divide 11790805?
False
Does 291 divide 486792?
False
Is 4 a factor of 66780?
True
Does 161 divide 13989?
False
Does 162 divide 1236856?
False
Does 66 divide 77022?
True
Is 84 a factor of 512820?
True
Does 45 divide 112230?
True
Is 323298 a multiple of 3?
True
Is 186 a factor of 487692?
True
Does 57 divide 91529?
False
Does 249 divide 152533?
False
Is 258 a factor of 428094?
False
Does 6 divide 6028?
False
Does 218 divide 423091?
False
Is 50 a factor of 41650?
True
Does 192 divide 5538624?
True
Is 56 a factor of 135894?
False
Is 209963 a multiple of 22?
False
Is 12 a factor of 5746548?
True
Is 225 a factor of 2606277?
False
Is 73 a factor of 1004407?
True
Does 16 divide 260594?
False
Does 28 divide 16904468?
True
Is 7647480 a multiple of 544?
False
Is 118650 a multiple of 75?
True
Is 26 a factor of 1038004?
False
Is 19 a factor of 859731?
True
Does 43 divide 935293?
True
Does 7 divide 129279?
False
Is 76 a factor of 327124?
False
Does 25 divide 195225?
True
Is 8520109 a multiple of 13?
True
Is 12942776 a multiple of 616?
True
Does 83 divide 30990?
False
Does 8 divide 324696?
True
Is 153 a factor of 4725405?
True
Does 5 divide 107597?
Fals